{"id":31,"date":"2026-04-12T09:00:50","date_gmt":"2026-04-12T07:00:50","guid":{"rendered":"http:\/\/yanndessaude.fr\/?page_id=31"},"modified":"2026-04-16T18:48:38","modified_gmt":"2026-04-16T16:48:38","slug":"genese-du-festival","status":"publish","type":"page","link":"https:\/\/yanndessaude.fr\/index.php\/genese-du-festival\/","title":{"rendered":"G\u00e9n\u00e8se"},"content":{"rendered":"\n<div class=\"wp-block-group alignwide is-layout-constrained wp-block-group-is-layout-constrained\">\n<p class=\"wp-block-paragraph\">La Framboise est implant\u00e9e depuis le 12\u00e8me si\u00e8cle en Eure et Loir.<\/p>\n\n\n\n<p class=\"wp-block-paragraph\"><bdo lang=\"\" dir=\"rtl\">Nul ne peut certifier le lien<\/bdo> qu\u2019il y a entre le nom de notre commune La Framboisi\u00e8re et la Framboise, mais une chose est certaine nous sommes la seule commune en France \u00e0 porter ce nom et nous souhaitons raconter une belle histoire autour de ce fruit magique.<\/p>\n\n\n\n<p class=\"wp-block-paragraph\"> Sur le court terme il s\u2019agit d\u2019organiser une rencontre entre professionnels autour de la Framboise venus de diff\u00e9rentes r\u00e9gions fran\u00e7aises et des visiteurs venus de notre d\u00e9partement et des d\u00e9partements voisins incluant les franciliens.<\/p>\n\n\n\n<p class=\"wp-block-paragraph\">Nous souhaitons impliquer tous les acteurs de la gastronomie locale (agriculteurs, p\u00e2tissiers, biscuitiers, chocolatiers, glaciers, brasseurs,\u2026) ainsi que des artisans cr\u00e9atifs (c\u00e9ramiques, bijoux\u2026) \u00a0autour de la framboise.\u00a0<\/p>\n\n\n\n<p class=\"wp-block-paragraph\">Cet \u00e9v\u00e8nement aura lieu tous les deux ans et lors de chaque \u00e9dition nous mettrons \u00e0 l\u2019honneur une autre baie rouge.<\/p>\n\n\n\n<p class=\"wp-block-paragraph\">Sur le moyen terme nous imaginons que La Framboisi\u00e8re soit reconnu comme un \u00ab \u00a0village framboisier \u00bb.<\/p>\n\n\n\n<p class=\"wp-block-paragraph\">Sur le long terme nous souhaiterions devenir, soutenu par le d\u00e9partement et la profession, un territoire de r\u00e9f\u00e9rence pour la framboise.<\/p>\n\n\n\n<p class=\"wp-block-paragraph\"><\/p>\n<\/div>\n\n\n\n<div style=\"height:var(--wp--preset--spacing--50)\" aria-hidden=\"true\" class=\"wp-block-spacer\"><\/div>\n","protected":false},"excerpt":{"rendered":"<p>La Framboise est implant\u00e9e depuis le 12\u00e8me si\u00e8cle en Eure et Loir. Nul ne peut certifier le lien qu\u2019il y [&hellip;]<\/p>\n","protected":false},"author":1,"featured_media":0,"parent":0,"menu_order":0,"comment_status":"closed","ping_status":"closed","template":"","meta":{"site-sidebar-layout":"default","site-content-layout":"","ast-site-content-layout":"default","site-content-style":"default","site-sidebar-style":"default","ast-global-header-display":"","ast-banner-title-visibility":"","ast-main-header-display":"","ast-hfb-above-header-display":"","ast-hfb-below-header-display":"","ast-hfb-mobile-header-display":"","site-post-title":"disabled","ast-breadcrumbs-content":"","ast-featured-img":"","footer-sml-layout":"","ast-disable-related-posts":"","theme-transparent-header-meta":"","adv-header-id-meta":"","stick-header-meta":"","header-above-stick-meta":"","header-main-stick-meta":"","header-below-stick-meta":"","astra-migrate-meta-layouts":"default","ast-page-background-enabled":"default","ast-page-background-meta":{"desktop":{"background-color":"var(--ast-global-color-5)","background-image":"","background-repeat":"repeat","background-position":"center center","background-size":"auto","background-attachment":"scroll","background-type":"","background-media":"","overlay-type":"","overlay-color":"","overlay-opacity":"","overlay-gradient":""},"tablet":{"background-color":"","background-image":"","background-repeat":"repeat","background-position":"center center","background-size":"auto","background-attachment":"scroll","background-type":"","background-media":"","overlay-type":"","overlay-color":"","overlay-opacity":"","overlay-gradient":""},"mobile":{"background-color":"","background-image":"","background-repeat":"repeat","background-position":"center center","background-size":"auto","background-attachment":"scroll","background-type":"","background-media":"","overlay-type":"","overlay-color":"","overlay-opacity":"","overlay-gradient":""}},"ast-content-background-meta":{"desktop":{"background-color":"var(--ast-global-color-4)","background-image":"","background-repeat":"repeat","background-position":"center center","background-size":"auto","background-attachment":"scroll","background-type":"","background-media":"","overlay-type":"","overlay-color":"","overlay-opacity":"","overlay-gradient":""},"tablet":{"background-color":"var(--ast-global-color-4)","background-image":"","background-repeat":"repeat","background-position":"center center","background-size":"auto","background-attachment":"scroll","background-type":"","background-media":"","overlay-type":"","overlay-color":"","overlay-opacity":"","overlay-gradient":""},"mobile":{"background-color":"var(--ast-global-color-4)","background-image":"","background-repeat":"repeat","background-position":"center center","background-size":"auto","background-attachment":"scroll","background-type":"","background-media":"","overlay-type":"","overlay-color":"","overlay-opacity":"","overlay-gradient":""}},"footnotes":""},"class_list":["post-31","page","type-page","status-publish","hentry"],"_links":{"self":[{"href":"https:\/\/yanndessaude.fr\/index.php\/wp-json\/wp\/v2\/pages\/31","targetHints":{"allow":["GET"]}}],"collection":[{"href":"https:\/\/yanndessaude.fr\/index.php\/wp-json\/wp\/v2\/pages"}],"about":[{"href":"https:\/\/yanndessaude.fr\/index.php\/wp-json\/wp\/v2\/types\/page"}],"author":[{"embeddable":true,"href":"https:\/\/yanndessaude.fr\/index.php\/wp-json\/wp\/v2\/users\/1"}],"replies":[{"embeddable":true,"href":"https:\/\/yanndessaude.fr\/index.php\/wp-json\/wp\/v2\/comments?post=31"}],"version-history":[{"count":16,"href":"https:\/\/yanndessaude.fr\/index.php\/wp-json\/wp\/v2\/pages\/31\/revisions"}],"predecessor-version":[{"id":298,"href":"https:\/\/yanndessaude.fr\/index.php\/wp-json\/wp\/v2\/pages\/31\/revisions\/298"}],"wp:attachment":[{"href":"https:\/\/yanndessaude.fr\/index.php\/wp-json\/wp\/v2\/media?parent=31"}],"curies":[{"name":"wp","href":"https:\/\/api.w.org\/{rel}","templated":true}]}}

Génèse

<div class="wp-block-group alignwide is-layout-constrained wp-block-group-is-layout-constrained">
<p class="wp-block-paragraph">La Framboise est implantée depuis le 12ème siècle en Eure et Loir.</p>



<p class="wp-block-paragraph"><bdo lang="" dir="rtl">Nul ne peut certifier le lien</bdo> qu’il y a entre le nom de notre commune La Framboisière et la Framboise, mais une chose est certaine nous sommes la seule commune en France à porter ce nom et nous souhaitons raconter une belle histoire autour de ce fruit magique.</p>



<p class="wp-block-paragraph"> Sur le court terme il s’agit d’organiser une rencontre entre professionnels autour de la Framboise venus de différentes régions françaises et des visiteurs venus de notre département et des départements voisins incluant les franciliens.</p>



<p class="wp-block-paragraph">Nous souhaitons impliquer tous les acteurs de la gastronomie locale (agriculteurs, pâtissiers, biscuitiers, chocolatiers, glaciers, brasseurs,…) ainsi que des artisans créatifs (céramiques, bijoux…)  autour de la framboise. </p>



<p class="wp-block-paragraph">Cet évènement aura lieu tous les deux ans et lors de chaque édition nous mettrons à l’honneur une autre baie rouge.</p>



<p class="wp-block-paragraph">Sur le moyen terme nous imaginons que La Framboisière soit reconnu comme un «  village framboisier ».</p>



<p class="wp-block-paragraph">Sur le long terme nous souhaiterions devenir, soutenu par le département et la profession, un territoire de référence pour la framboise.</p>



<p class="wp-block-paragraph"></p>
</div>



<div style="height:var(--wp--preset--spacing--50)" aria-hidden="true" class="wp-block-spacer"></div>

<p>La Framboise est implantée depuis le 12ème siècle en Eure et Loir. Nul ne peut certifier le lien qu’il y [&hellip;]</p>
